{"id":703,"date":"2011-05-20T18:51:43","date_gmt":"2011-05-20T18:51:43","guid":{"rendered":"https:\/\/wpthemetestdata.wordpress.com\/?page_id=703"},"modified":"2023-05-15T21:49:20","modified_gmt":"2023-05-15T21:49:20","slug":"blog","status":"publish","type":"page","link":"https:\/\/conaduh.shanzai.com.ar\/?page_id=703","title":{"rendered":"NOTICIAS"},"content":{"rendered":"\n<div class=\"wp-block-columns is-layout-flex wp-container-core-columns-is-layout-28f84493 wp-block-columns-is-layout-flex\">\n<div class=\"wp-block-column is-layout-flow wp-block-column-is-layout-flow\" style=\"flex-basis:100%\">\n<div class=\"wp-block-group is-layout-constrained wp-block-group-is-layout-constrained\"><ul class=\"wp-block-latest-posts__list has-dates wp-block-latest-posts\"><li><div class=\"wp-block-latest-posts__featured-image alignleft\"><a href=\"https:\/\/conaduh.shanzai.com.ar\/?p=2519\" aria-label=\"LA DIRECCI\u00d3N DE G\u00c9NEROS DE CONADU HIST\u00d3RICA PARTICIPA DE LAS JORNADAS \u201cHACIENDO UNIVERSIDADES FEMINISTAS\u201d\"><img loading=\"lazy\" decoding=\"async\" width=\"300\" height=\"113\" src=\"https:\/\/conaduh.shanzai.com.ar\/wp-content\/uploads\/2023\/05\/WhatsApp-Image-2022-05-27-at-1.09.42-PM-1-1200x450-1-300x113.jpeg\" class=\"attachment-medium size-medium wp-post-image\" alt=\"\" style=\"\" srcset=\"https:\/\/conaduh.shanzai.com.ar\/wp-content\/uploads\/2023\/05\/WhatsApp-Image-2022-05-27-at-1.09.42-PM-1-1200x450-1-300x113.jpeg 300w, https:\/\/conaduh.shanzai.com.ar\/wp-content\/uploads\/2023\/05\/WhatsApp-Image-2022-05-27-at-1.09.42-PM-1-1200x450-1-1024x384.jpeg 1024w, https:\/\/conaduh.shanzai.com.ar\/wp-content\/uploads\/2023\/05\/WhatsApp-Image-2022-05-27-at-1.09.42-PM-1-1200x450-1-768x288.jpeg 768w, https:\/\/conaduh.shanzai.com.ar\/wp-content\/uploads\/2023\/05\/WhatsApp-Image-2022-05-27-at-1.09.42-PM-1-1200x450-1.jpeg 1200w\" sizes=\"auto, (max-width: 300px) 100vw, 300px\" \/><\/a><\/div><a class=\"wp-block-latest-posts__post-title\" href=\"https:\/\/conaduh.shanzai.com.ar\/?p=2519\">LA DIRECCI\u00d3N DE G\u00c9NEROS DE CONADU HIST\u00d3RICA PARTICIPA DE LAS JORNADAS \u201cHACIENDO UNIVERSIDADES FEMINISTAS\u201d<\/a><time datetime=\"2023-05-15T20:50:08+00:00\" class=\"wp-block-latest-posts__post-date\">mayo 15, 2023<\/time><\/li>\n<li><div class=\"wp-block-latest-posts__featured-image alignleft\"><a href=\"https:\/\/conaduh.shanzai.com.ar\/?p=2235\" aria-label=\"Micro 6 2023\"><img loading=\"lazy\" decoding=\"async\" width=\"300\" height=\"199\" src=\"https:\/\/conaduh.shanzai.com.ar\/wp-content\/uploads\/2023\/03\/microradial-300x199.jpg\" class=\"attachment-medium size-medium wp-post-image\" alt=\"\" style=\"\" srcset=\"https:\/\/conaduh.shanzai.com.ar\/wp-content\/uploads\/2023\/03\/microradial-300x199.jpg 300w, https:\/\/conaduh.shanzai.com.ar\/wp-content\/uploads\/2023\/03\/microradial.jpg 450w\" sizes=\"auto, (max-width: 300px) 100vw, 300px\" \/><\/a><\/div><a class=\"wp-block-latest-posts__post-title\" href=\"https:\/\/conaduh.shanzai.com.ar\/?p=2235\">Micro 6 2023<\/a><time datetime=\"2023-03-23T12:32:08+00:00\" class=\"wp-block-latest-posts__post-date\">marzo 23, 2023<\/time><\/li>\n<li><div class=\"wp-block-latest-posts__featured-image alignleft\"><a href=\"https:\/\/conaduh.shanzai.com.ar\/?p=1989\" aria-label=\"Rechazamos la oferta salarial del gobierno y convoc\u00f3 al no inicio de clases con un paro de una semana desde el 13 de marzo\"><img loading=\"lazy\" decoding=\"async\" width=\"300\" height=\"169\" src=\"https:\/\/conaduh.shanzai.com.ar\/wp-content\/uploads\/2023\/03\/WhatsApp-Image-2023-03-10-at-17.11.20-300x169.jpeg\" class=\"attachment-medium size-medium wp-post-image\" alt=\"\" style=\"\" srcset=\"https:\/\/conaduh.shanzai.com.ar\/wp-content\/uploads\/2023\/03\/WhatsApp-Image-2023-03-10-at-17.11.20-300x169.jpeg 300w, https:\/\/conaduh.shanzai.com.ar\/wp-content\/uploads\/2023\/03\/WhatsApp-Image-2023-03-10-at-17.11.20-1024x575.jpeg 1024w, https:\/\/conaduh.shanzai.com.ar\/wp-content\/uploads\/2023\/03\/WhatsApp-Image-2023-03-10-at-17.11.20-768x431.jpeg 768w, https:\/\/conaduh.shanzai.com.ar\/wp-content\/uploads\/2023\/03\/WhatsApp-Image-2023-03-10-at-17.11.20.jpeg 1280w\" sizes=\"auto, (max-width: 300px) 100vw, 300px\" \/><\/a><\/div><a class=\"wp-block-latest-posts__post-title\" href=\"https:\/\/conaduh.shanzai.com.ar\/?p=1989\">Rechazamos la oferta salarial del gobierno y convoc\u00f3 al no inicio de clases con un paro de una semana desde el 13 de marzo<\/a><time datetime=\"2023-03-20T20:33:34+00:00\" class=\"wp-block-latest-posts__post-date\">marzo 20, 2023<\/time><\/li>\n<li><div class=\"wp-block-latest-posts__featured-image alignleft\"><a href=\"https:\/\/conaduh.shanzai.com.ar\/?p=2169\" aria-label=\"Comisi\u00f3n de seguimiento e interpretaci\u00f3n del CCTA\"><img loading=\"lazy\" decoding=\"async\" width=\"300\" height=\"89\" src=\"https:\/\/conaduh.shanzai.com.ar\/wp-content\/uploads\/2023\/03\/cropped-cropped-conaduh-1-e1683755687313-300x89.png\" class=\"attachment-medium size-medium wp-post-image\" alt=\"\" style=\"\" srcset=\"https:\/\/conaduh.shanzai.com.ar\/wp-content\/uploads\/2023\/03\/cropped-cropped-conaduh-1-e1683755687313-300x89.png 300w, https:\/\/conaduh.shanzai.com.ar\/wp-content\/uploads\/2023\/03\/cropped-cropped-conaduh-1-e1683755687313.png 450w\" sizes=\"auto, (max-width: 300px) 100vw, 300px\" \/><\/a><\/div><a class=\"wp-block-latest-posts__post-title\" href=\"https:\/\/conaduh.shanzai.com.ar\/?p=2169\">Comisi\u00f3n de seguimiento e interpretaci\u00f3n del CCTA<\/a><time datetime=\"2023-03-20T02:23:43+00:00\" class=\"wp-block-latest-posts__post-date\">marzo 20, 2023<\/time><\/li>\n<li><div class=\"wp-block-latest-posts__featured-image alignleft\"><a href=\"https:\/\/conaduh.shanzai.com.ar\/?p=2237\" aria-label=\"Micro CONADUH 4 2023\"><img loading=\"lazy\" decoding=\"async\" width=\"300\" height=\"199\" src=\"https:\/\/conaduh.shanzai.com.ar\/wp-content\/uploads\/2023\/03\/microradial-300x199.jpg\" class=\"attachment-medium size-medium wp-post-image\" alt=\"\" style=\"\" srcset=\"https:\/\/conaduh.shanzai.com.ar\/wp-content\/uploads\/2023\/03\/microradial-300x199.jpg 300w, https:\/\/conaduh.shanzai.com.ar\/wp-content\/uploads\/2023\/03\/microradial.jpg 450w\" sizes=\"auto, (max-width: 300px) 100vw, 300px\" \/><\/a><\/div><a class=\"wp-block-latest-posts__post-title\" href=\"https:\/\/conaduh.shanzai.com.ar\/?p=2237\">Micro CONADUH 4 2023<\/a><time datetime=\"2023-03-16T12:35:59+00:00\" class=\"wp-block-latest-posts__post-date\">marzo 16, 2023<\/time><\/li>\n<li><div class=\"wp-block-latest-posts__featured-image alignleft\"><a href=\"https:\/\/conaduh.shanzai.com.ar\/?p=1991\" aria-label=\"A un a\u00f1o de la entrada en vigor del Convenio 190 de la OIT en la Argentina.\"><img loading=\"lazy\" decoding=\"async\" width=\"300\" height=\"169\" src=\"https:\/\/conaduh.shanzai.com.ar\/wp-content\/uploads\/2023\/02\/WhatsApp-Image-2023-04-19-at-14.56.37-1-e1683758029913-300x169.jpeg\" class=\"attachment-medium size-medium wp-post-image\" alt=\"\" style=\"\" srcset=\"https:\/\/conaduh.shanzai.com.ar\/wp-content\/uploads\/2023\/02\/WhatsApp-Image-2023-04-19-at-14.56.37-1-e1683758029913-300x169.jpeg 300w, https:\/\/conaduh.shanzai.com.ar\/wp-content\/uploads\/2023\/02\/WhatsApp-Image-2023-04-19-at-14.56.37-1-e1683758029913-1024x576.jpeg 1024w, https:\/\/conaduh.shanzai.com.ar\/wp-content\/uploads\/2023\/02\/WhatsApp-Image-2023-04-19-at-14.56.37-1-e1683758029913-768x432.jpeg 768w, https:\/\/conaduh.shanzai.com.ar\/wp-content\/uploads\/2023\/02\/WhatsApp-Image-2023-04-19-at-14.56.37-1-e1683758029913.jpeg 1280w\" sizes=\"auto, (max-width: 300px) 100vw, 300px\" \/><\/a><\/div><a class=\"wp-block-latest-posts__post-title\" href=\"https:\/\/conaduh.shanzai.com.ar\/?p=1991\">A un a\u00f1o de la entrada en vigor del Convenio 190 de la OIT en la Argentina.<\/a><time datetime=\"2023-02-23T20:37:32+00:00\" class=\"wp-block-latest-posts__post-date\">febrero 23, 2023<\/time><\/li>\n<li><div class=\"wp-block-latest-posts__featured-image alignleft\"><a href=\"https:\/\/conaduh.shanzai.com.ar\/?p=2239\" aria-label=\"Micro 2 2023\"><img loading=\"lazy\" decoding=\"async\" width=\"300\" height=\"228\" src=\"https:\/\/conaduh.shanzai.com.ar\/wp-content\/uploads\/2023\/02\/mradal-300x228.jpg\" class=\"attachment-medium size-medium wp-post-image\" alt=\"\" style=\"\" srcset=\"https:\/\/conaduh.shanzai.com.ar\/wp-content\/uploads\/2023\/02\/mradal-300x228.jpg 300w, https:\/\/conaduh.shanzai.com.ar\/wp-content\/uploads\/2023\/02\/mradal.jpg 450w\" sizes=\"auto, (max-width: 300px) 100vw, 300px\" \/><\/a><\/div><a class=\"wp-block-latest-posts__post-title\" href=\"https:\/\/conaduh.shanzai.com.ar\/?p=2239\">Micro 2 2023<\/a><time datetime=\"2023-02-23T12:40:22+00:00\" class=\"wp-block-latest-posts__post-date\">febrero 23, 2023<\/time><\/li>\n<li><div class=\"wp-block-latest-posts__featured-image alignleft\"><a href=\"https:\/\/conaduh.shanzai.com.ar\/?p=1996\" aria-label=\"La docencia de las Universidades Nacionales a\u00fan espera la convocatoria a paritarias.\"><img loading=\"lazy\" decoding=\"async\" width=\"300\" height=\"162\" src=\"https:\/\/conaduh.shanzai.com.ar\/wp-content\/uploads\/2023\/03\/flyer-paritaria-1-1200x450-1-e1680611338743-300x162.jpg\" class=\"attachment-medium size-medium wp-post-image\" alt=\"\" style=\"\" srcset=\"https:\/\/conaduh.shanzai.com.ar\/wp-content\/uploads\/2023\/03\/flyer-paritaria-1-1200x450-1-e1680611338743-300x162.jpg 300w, https:\/\/conaduh.shanzai.com.ar\/wp-content\/uploads\/2023\/03\/flyer-paritaria-1-1200x450-1-e1680611338743-768x414.jpg 768w, https:\/\/conaduh.shanzai.com.ar\/wp-content\/uploads\/2023\/03\/flyer-paritaria-1-1200x450-1-e1680611338743.jpg 834w\" sizes=\"auto, (max-width: 300px) 100vw, 300px\" \/><\/a><\/div><a class=\"wp-block-latest-posts__post-title\" href=\"https:\/\/conaduh.shanzai.com.ar\/?p=1996\">La docencia de las Universidades Nacionales a\u00fan espera la convocatoria a paritarias.<\/a><time datetime=\"2023-02-20T20:42:03+00:00\" class=\"wp-block-latest-posts__post-date\">febrero 20, 2023<\/time><\/li>\n<li><div class=\"wp-block-latest-posts__featured-image alignleft\"><a href=\"https:\/\/conaduh.shanzai.com.ar\/?p=2250\" aria-label=\"Micro CONADU 01\/2023\"><img loading=\"lazy\" decoding=\"async\" width=\"300\" height=\"199\" src=\"https:\/\/conaduh.shanzai.com.ar\/wp-content\/uploads\/2023\/03\/microradial-300x199.jpg\" class=\"attachment-medium size-medium wp-post-image\" alt=\"\" style=\"\" srcset=\"https:\/\/conaduh.shanzai.com.ar\/wp-content\/uploads\/2023\/03\/microradial-300x199.jpg 300w, https:\/\/conaduh.shanzai.com.ar\/wp-content\/uploads\/2023\/03\/microradial.jpg 450w\" sizes=\"auto, (max-width: 300px) 100vw, 300px\" \/><\/a><\/div><a class=\"wp-block-latest-posts__post-title\" href=\"https:\/\/conaduh.shanzai.com.ar\/?p=2250\">Micro CONADU 01\/2023<\/a><time datetime=\"2023-02-16T12:53:10+00:00\" class=\"wp-block-latest-posts__post-date\">febrero 16, 2023<\/time><\/li>\n<li><div class=\"wp-block-latest-posts__featured-image alignleft\"><a href=\"https:\/\/conaduh.shanzai.com.ar\/?p=2080\" aria-label=\"Reunion paritarias.\"><img loading=\"lazy\" decoding=\"async\" width=\"300\" height=\"132\" src=\"https:\/\/conaduh.shanzai.com.ar\/wp-content\/uploads\/2022\/12\/WhatsApp-Image-2021-07-13-at-11.20.10-1024x450-1-300x132.jpeg\" class=\"attachment-medium size-medium wp-post-image\" alt=\"\" style=\"\" srcset=\"https:\/\/conaduh.shanzai.com.ar\/wp-content\/uploads\/2022\/12\/WhatsApp-Image-2021-07-13-at-11.20.10-1024x450-1-300x132.jpeg 300w, https:\/\/conaduh.shanzai.com.ar\/wp-content\/uploads\/2022\/12\/WhatsApp-Image-2021-07-13-at-11.20.10-1024x450-1-768x338.jpeg 768w, https:\/\/conaduh.shanzai.com.ar\/wp-content\/uploads\/2022\/12\/WhatsApp-Image-2021-07-13-at-11.20.10-1024x450-1.jpeg 1024w\" sizes=\"auto, (max-width: 300px) 100vw, 300px\" \/><\/a><\/div><a class=\"wp-block-latest-posts__post-title\" href=\"https:\/\/conaduh.shanzai.com.ar\/?p=2080\">Reunion paritarias.<\/a><time datetime=\"2022-12-21T13:04:18+00:00\" class=\"wp-block-latest-posts__post-date\">diciembre 21, 2022<\/time><\/li>\n<li><div class=\"wp-block-latest-posts__featured-image alignleft\"><a href=\"https:\/\/conaduh.shanzai.com.ar\/?p=2070\" aria-label=\"Noticia 2\"><img loading=\"lazy\" decoding=\"async\" width=\"300\" height=\"148\" src=\"https:\/\/conaduh.shanzai.com.ar\/wp-content\/uploads\/2023\/03\/cropped-xcxc-910x450-1-300x148.jpg\" class=\"attachment-medium size-medium wp-post-image\" alt=\"\" style=\"\" srcset=\"https:\/\/conaduh.shanzai.com.ar\/wp-content\/uploads\/2023\/03\/cropped-xcxc-910x450-1-300x148.jpg 300w, https:\/\/conaduh.shanzai.com.ar\/wp-content\/uploads\/2023\/03\/cropped-xcxc-910x450-1-768x380.jpg 768w, https:\/\/conaduh.shanzai.com.ar\/wp-content\/uploads\/2023\/03\/cropped-xcxc-910x450-1.jpg 910w\" sizes=\"auto, (max-width: 300px) 100vw, 300px\" \/><\/a><\/div><a class=\"wp-block-latest-posts__post-title\" href=\"https:\/\/conaduh.shanzai.com.ar\/?p=2070\">Noticia 2<\/a><time datetime=\"2022-03-21T12:54:50+00:00\" class=\"wp-block-latest-posts__post-date\">marzo 21, 2022<\/time><\/li>\n<li><div class=\"wp-block-latest-posts__featured-image alignleft\"><a href=\"https:\/\/conaduh.shanzai.com.ar\/?p=2076\" aria-label=\"Empezando las paritarias\"><img loading=\"lazy\" decoding=\"async\" width=\"155\" height=\"300\" src=\"https:\/\/conaduh.shanzai.com.ar\/wp-content\/uploads\/2013\/03\/featured-image-vertical-155x300.jpg\" class=\"attachment-medium size-medium wp-post-image\" alt=\"Horizontal Featured Image\" style=\"\" srcset=\"https:\/\/conaduh.shanzai.com.ar\/wp-content\/uploads\/2013\/03\/featured-image-vertical-155x300.jpg 155w, https:\/\/conaduh.shanzai.com.ar\/wp-content\/uploads\/2013\/03\/featured-image-vertical.jpg 300w\" sizes=\"auto, (max-width: 155px) 100vw, 155px\" \/><\/a><\/div><a class=\"wp-block-latest-posts__post-title\" href=\"https:\/\/conaduh.shanzai.com.ar\/?p=2076\">Empezando las paritarias<\/a><time datetime=\"2022-01-21T13:01:12+00:00\" class=\"wp-block-latest-posts__post-date\">enero 21, 2022<\/time><\/li>\n<\/ul><\/div>\n<\/div>\n<\/div>\n","protected":false},"excerpt":{"rendered":"","protected":false},"author":2,"featured_media":0,"parent":0,"menu_order":0,"comment_status":"open","ping_status":"closed","template":"","meta":{"colormag_page_layout":"default_layout","_themeisle_gutenberg_block_has_review":false,"footnotes":""},"class_list":["post-703","page","type-page","status-publish","hentry"],"magazineBlocksPostFeaturedMedia":{"thumbnail":false,"medium":false,"medium_large":false,"large":false,"1536x1536":false,"2048x2048":false,"colormag-highlighted-post":false,"colormag-featured-post-medium":false,"colormag-featured-post-small":false,"colormag-featured-image":false,"colormag-default-news":false,"colormag-featured-image-large":false},"magazineBlocksPostAuthor":{"name":"tania","avatar":"https:\/\/secure.gravatar.com\/avatar\/bbc750f65ffe6910a3fbd6a59dd0cc0b163eb75ca1c96cdd815ad8dfc7d9947e?s=96&d=mm&r=g"},"magazineBlocksPostCommentsNumber":"0","magazineBlocksPostExcerpt":"","magazineBlocksPostCategories":[],"magazineBlocksPostViewCount":0,"magazineBlocksPostReadTime":0,"_links":{"self":[{"href":"https:\/\/conaduh.shanzai.com.ar\/index.php?rest_route=\/wp\/v2\/pages\/703","targetHints":{"allow":["GET"]}}],"collection":[{"href":"https:\/\/conaduh.shanzai.com.ar\/index.php?rest_route=\/wp\/v2\/pages"}],"about":[{"href":"https:\/\/conaduh.shanzai.com.ar\/index.php?rest_route=\/wp\/v2\/types\/page"}],"author":[{"embeddable":true,"href":"https:\/\/conaduh.shanzai.com.ar\/index.php?rest_route=\/wp\/v2\/users\/2"}],"replies":[{"embeddable":true,"href":"https:\/\/conaduh.shanzai.com.ar\/index.php?rest_route=%2Fwp%2Fv2%2Fcomments&post=703"}],"version-history":[{"count":4,"href":"https:\/\/conaduh.shanzai.com.ar\/index.php?rest_route=\/wp\/v2\/pages\/703\/revisions"}],"predecessor-version":[{"id":2549,"href":"https:\/\/conaduh.shanzai.com.ar\/index.php?rest_route=\/wp\/v2\/pages\/703\/revisions\/2549"}],"wp:attachment":[{"href":"https:\/\/conaduh.shanzai.com.ar\/index.php?rest_route=%2Fwp%2Fv2%2Fmedia&parent=703"}],"curies":[{"name":"wp","href":"https:\/\/api.w.org\/{rel}","templated":true}]}}