{"id":2,"date":"2023-03-17T19:29:48","date_gmt":"2023-03-17T19:29:48","guid":{"rendered":"http:\/\/conaduh.shanzai.com.ar\/?page_id=2"},"modified":"2023-05-11T23:18:26","modified_gmt":"2023-05-11T23:18:26","slug":"micro","status":"publish","type":"page","link":"https:\/\/conaduh.shanzai.com.ar\/?page_id=2","title":{"rendered":"MICRO"},"content":{"rendered":"<ul class=\"wp-block-latest-posts__list has-dates wp-block-latest-posts has-medium-font-size\"><li><a class=\"wp-block-latest-posts__post-title\" href=\"https:\/\/conaduh.shanzai.com.ar\/?p=2235\">Micro 6 2023<\/a><time datetime=\"2023-03-23T12:32:08+00:00\" class=\"wp-block-latest-posts__post-date\">marzo 23, 2023<\/time><div class=\"wp-block-latest-posts__post-excerpt\">En el marco de la pelea por la reapertura de la paritaria de la docencia de las Universidades Nacionales, las asociaciones de base realizan una semana de actividades de visibilizaci\u00f3n de los reclamos. Esto prepara los motores para el paro de una semana que comenzar\u00e1 el lunes 27 de marzo. Informa Francisca Staiti, secretaria general de CONADU Hist\u00f3rica.<\/div><\/li>\n<li><a class=\"wp-block-latest-posts__post-title\" href=\"https:\/\/conaduh.shanzai.com.ar\/?p=2237\">Micro CONADUH 4 2023<\/a><time datetime=\"2023-03-16T12:35:59+00:00\" class=\"wp-block-latest-posts__post-date\">marzo 16, 2023<\/time><div class=\"wp-block-latest-posts__post-excerpt\">La docencia de las Universidades Nacionales nucleadas en CONADU Hist\u00f3rica, realiza una semana de paro tras rechazar la oferta salarial del gobierno para cierre de la paritaria 2022 e inicio de 2023. Escuchamos el informe de Diego Costa, Secretario de Prensa de la Federaci\u00f3n.<\/div><\/li>\n<li><a class=\"wp-block-latest-posts__post-title\" href=\"https:\/\/conaduh.shanzai.com.ar\/?p=2239\">Micro 2 2023<\/a><time datetime=\"2023-02-23T12:40:22+00:00\" class=\"wp-block-latest-posts__post-date\">febrero 23, 2023<\/time><div class=\"wp-block-latest-posts__post-excerpt\">Se realiz\u00f3 el plenario de Secretar\u00edas Generales a los fines de analizar la situaci\u00f3n de la paritaria salarial. El 10 de marzo se reunir\u00e1 el Congreso Extraordinario. Escuchamos a Oscar Vallejos, secretario adjunto de la federaci\u00f3n.<\/div><\/li>\n<li><a class=\"wp-block-latest-posts__post-title\" href=\"https:\/\/conaduh.shanzai.com.ar\/?p=2250\">Micro CONADU 01\/2023<\/a><time datetime=\"2023-02-16T12:53:10+00:00\" class=\"wp-block-latest-posts__post-date\">febrero 16, 2023<\/time><div class=\"wp-block-latest-posts__post-excerpt\">Peligra el inicio del ciclo lectivo por la grave situaci\u00f3n salarial de la docencia universitaria y preuniversitaria. Viernes 17\/02, Plenario de Secretar\u00edas Generales.Palabras de Francisca Staiti, secretaria general de la Federaci\u00f3n. <\/div><\/li>\n<\/ul>","protected":false},"excerpt":{"rendered":"","protected":false},"author":1,"featured_media":0,"parent":0,"menu_order":0,"comment_status":"closed","ping_status":"closed","template":"","meta":{"colormag_page_layout":"default_layout","_themeisle_gutenberg_block_has_review":false,"footnotes":""},"class_list":["post-2","page","type-page","status-publish","hentry"],"magazineBlocksPostFeaturedMedia":{"thumbnail":false,"medium":false,"medium_large":false,"large":false,"1536x1536":false,"2048x2048":false,"colormag-highlighted-post":false,"colormag-featured-post-medium":false,"colormag-featured-post-small":false,"colormag-featured-image":false,"colormag-default-news":false,"colormag-featured-image-large":false},"magazineBlocksPostAuthor":{"name":"guille","avatar":"https:\/\/secure.gravatar.com\/avatar\/46f78440c39ee672eb74a708f52ebbb64f98477edbcd77e2a87a7810f0ab1596?s=96&d=mm&r=g"},"magazineBlocksPostCommentsNumber":false,"magazineBlocksPostExcerpt":"","magazineBlocksPostCategories":[],"magazineBlocksPostViewCount":0,"magazineBlocksPostReadTime":0,"_links":{"self":[{"href":"https:\/\/conaduh.shanzai.com.ar\/index.php?rest_route=\/wp\/v2\/pages\/2","targetHints":{"allow":["GET"]}}],"collection":[{"href":"https:\/\/conaduh.shanzai.com.ar\/index.php?rest_route=\/wp\/v2\/pages"}],"about":[{"href":"https:\/\/conaduh.shanzai.com.ar\/index.php?rest_route=\/wp\/v2\/types\/page"}],"author":[{"embeddable":true,"href":"https:\/\/conaduh.shanzai.com.ar\/index.php?rest_route=\/wp\/v2\/users\/1"}],"replies":[{"embeddable":true,"href":"https:\/\/conaduh.shanzai.com.ar\/index.php?rest_route=%2Fwp%2Fv2%2Fcomments&post=2"}],"version-history":[{"count":21,"href":"https:\/\/conaduh.shanzai.com.ar\/index.php?rest_route=\/wp\/v2\/pages\/2\/revisions"}],"predecessor-version":[{"id":2464,"href":"https:\/\/conaduh.shanzai.com.ar\/index.php?rest_route=\/wp\/v2\/pages\/2\/revisions\/2464"}],"wp:attachment":[{"href":"https:\/\/conaduh.shanzai.com.ar\/index.php?rest_route=%2Fwp%2Fv2%2Fmedia&parent=2"}],"curies":[{"name":"wp","href":"https:\/\/api.w.org\/{rel}","templated":true}]}}